 common factor of 187 and w?
17
Suppose -l = -3*l. Let u be (-1)/(-3) + 8/3. Suppose -p + u*p - 24 = l. What is the highest common divisor of 132 and p?
12
Let g(b) = -b**2 - 9*b. Let r be g(-8). What is the highest common divisor of r and 12?
4
Let a = 104 - 92. What is the greatest common divisor of 16 and a?
4
Suppose -5*f + 181 - 21 = 0. What is the greatest common factor of 8 and f?
8
Suppose 4*i = -2*i + 72. What is the highest common divisor of 12 and i?
12
Let z(p) = 6*p - 4*p - 4 - 3. Let l be z(7). What is the greatest common divisor of 35 and l?
7
Let p(s) = -s**3 - 12*s**2 - 15*s - 7. Let q be p(-11). Suppose -3*w + 56 = 3*c + w, -5*w + q = c. Calculate the highest common divisor of c and 30.
6
Let h be 9/(-12)*(-24)/3. What is the highest common factor of h and 3?
3
Let j = 3 - -10. Suppose 0 = j*m - 8*m - 60. Calculate the greatest common divisor of 12 and m.
12
Let h(z) = z**3 - 2*z**2 - 3*z. Let p be h(3). Let r = 4 + p. Let n(q) = q**3 - 3*q**2 + q. Let v be n(r). Calculate the greatest common divisor of v and 4.
4
Let x(q) = -3 - 4 + 1 - 4*q + 3. Let l be x(-4). Let k = 7 + 6. Calculate the highest common factor of k and l.
13
Suppose -g - 70 = -6*g. What is the highest common factor of g and 70?
14
Suppose -r - 357 = 2*m - 888, 255 = m + 4*r. Suppose -6*n = -3*n - m. Let d = n + -19. Calculate the highest common divisor of 10 and d.
10
Suppose -190 = -h - 4*h. Suppose 0 = 4*l - 3*l - 95. Calculate the greatest common divisor of h and l.
19
Suppose -5*j + 5 = 0, -t + 1 = -2*t - 2*j. Let g be t - (2 - 5 - 28). Calculate the greatest common factor of 7 and g.
7
Suppose -10 = -2*s + 80. What is the greatest common divisor of 5 and s?
5
Suppose -8*w = -4*w - 96. Calculate the highest common factor of w and 96.
24
Let c be (-2 + 16)/(7/14). What is the greatest common divisor of 14 and c?
14
Let i(a) = a**3 - 9*a**2 - a + 21. Let l be i(9). Calculate the highest common factor of l and 6.
6
Let c be (27/6)/((-6)/(-8)). What is the greatest common factor of 24 and c?
6
Suppose -12 = -v + 4*f, -2*v + 21 = -0*f - 5*f. Let l be (2 - -1)/(3/v). What is the highest common divisor of 1 and l?
1
Let u(b) = -b**2 - b - 7*b - 2 + 15. Let o be u(-9). Let f(v) = 6*v + 2. Let x be f(o). What is the highest common factor of x and 65?
13
Let n = 31 + 3. What is the greatest common factor of n and 17?
17
Let z = 70 - -10. What is the greatest common factor of 32 and z?
16
Let y = 5 + -7. Let v be (y/4*2)/(-1). Let k = v + 11. What is the greatest common divisor of 12 and k?
12
Suppose 2*p - q = 2, 3*q = -p - 2*p + 21. Suppose 31 = p*k - k - h, 0 = 4*h - 4. Suppose 2*t = 5*t - 48. What is the highest common factor of t and k?
16
Let s be 8 + -2 + -2 + 1. Suppose -3*w + 80 = s*r, 0 = -3*r - 5*w + w + 48. Calculate the highest common factor of 144 and r.
16
Let d(g) = 32*g. Let h be d(2). Let l be h/6 + 4/(-6). Let n = -74 - -79. Calculate the greatest common factor of l and n.
5
Let f(k) = k + 8. Let g be f(4). Let i(d) = -d**3 - 3*d**2 - 3*d - 1. Let t be i(-2). Let m be 1 + 0 - (-5)/t. Calculate the greatest common factor of m and g.
6
Suppose z + 4*z + 20 = 0. Let x be 35/2 + (-2)/z. What is the greatest common factor of x and 12?
6
Let o be (1 - 2/(-2)) + 865. Let j be o/12 + 2/(-8). Suppose 6*g = 3*l + 2*g - j, -24 = -l + g. What is the highest common factor of 6 and l?
6
Let j = 539 + -385. Suppose v = -5 - 0, -v = -t + 19. What is the greatest common factor of t and j?
14
Let f = -1 + 6. Let r(u) = 2*u - 6. Let y be r(f). Calculate the greatest common divisor of 12 and y.
4
Let g(y) = 14*y + 8. Let p be g(2). Let b(q) = 2*q + 1. Let n be b(4). Calculate the highest common divisor of n and p.
9
Let r = 18 + 13. Calculate the greatest common divisor of r and 341.
31
Suppose 14*x - 9*x + 25 = 0. Let w be ((-32)/x)/((-11)/(-275)). Calculate the highest common factor of 32 and w.
32
Suppose 58 = -d + 198. What is the highest common factor of 56 and d?
28
Let w = -108 + 180. Suppose 2*k = 3*k + 2*g - 62, 0 = -k - 4*g + w. Suppose 3*o - 39 = -0*o. What is the highest common divisor of k and o?
13
Let t(l) = -l + 7*l**2 - 2*l + 0*l + l**3 - 2*l - 6. Let h be t(-6). Calculate the highest common factor of 24 and h.
12
Let p be 3 + 0 + 4 + -4. What is the greatest common factor of 3 and p?
3
Let w(f) = -5*f. Let q be w(-4). Suppose 4*t + m - 32 = 4*m, 2*t - 3*m - 22 = 0. Calculate the highest common divisor of t and q.
5
Let v(s) = -s**3 - 6*s**2 + s - 3. Let n be v(-7). Calculate the greatest common divisor of n and 65.
13
Let m = -58 + 100. Suppose 2*w + m = -b + 17, -b = 4*w + 49. Let p be (-81)/w - 2/(-8). Calculate the greatest common factor of p and 63.
7
Let f(h) = -h**3 - 7*h**2 - 7*h. Let k be f(-6). What is the highest common divisor of 2 and k?
2
Let h be (2/5)/((-7)/(-70)). Suppose 3*x - 162 = 2*j, -216 = x - 5*x - h*j. What is the highest common factor of x and 36?
18
Let s(h) = -3*h**3 - 2*h**2 - h + 3. Let y be s(-2). Calculate the highest common factor of 147 and y.
21
Suppose -16*f + 887 = 311. What is the greatest common factor of 54 and f?
18
Suppose 4*y - 9 = 2*y + v, y - 6 = -v. Calculate the highest common divisor of y and 25.
5
Suppose -3*n = 2*g - 55, -3*g = n - 2*n - 110. What is the highest common factor of 14 and g?
7
Suppose 0 = -4*j - 2*h + 4*h, 4*j - 4*h = -4. Let v = 14 + j. Calculate the greatest common divisor of v and 120.
15
Suppose -5*j + k = -36, 5*j - 5*k + 0 = 20. Let g = 4 - 2. Suppose 5*f - 2*q - 41 - 69 = 0, g*q - 106 = -4*f. What is the highest common divisor of j and f?
8
Suppose -4*g + 52 = 4*q - 2*q, -2*q + 28 = 2*g. What is the greatest common factor of g and 30?
6
Let i(d) = -51*d**2. Let q be i(-2). Let v = 147 - q. Suppose l + v = 4*l. What is the greatest common factor of 13 and l?
13
Let x(j) = j - 5. Let b be x(11). Calculate the highest common factor of 54 and b.
6
Suppose 2 = 4*n - 30. Let r = n - -8. Calculate the greatest common divisor of r and 80.
16
Let a(r) = r**3 + 19*r**2 - 25*r - 28. Let v be a(-20). Calculate the greatest common divisor of 9 and v.
9
Let f(u) = 55*u**2 + u. Let v(b) = -4 - 1 + 4*b - 3*b. Let w be v(4). Let o be f(w). Calculate the highest common divisor of 36 and o.
18
Let l be -2*1/(-4)*6. Calculate the highest common factor of 15 and l.
3
Let g(v) = 37*v - 4. Let o be g(2). Calculate the greatest common factor of o and 10.
10
Suppose 2*w - 25 + 9 = 0. Suppose -2*v = 5*x - 0 - w, 8 = -4*x. Calculate the highest common factor of 27 and v.
9
Suppose -4*v + 5*v - 7 = -u, 0 = 4*v - u - 13. Calculate the highest common divisor of v and 4.
4
Suppose 56 = -2*p + 3*p. Let b(d) = -d - 5. Let c be b(-7). Suppose -c*u = -7 - 7. What is the greatest common divisor of p and u?
7
Let c(m) = -4*m**2 - 8*m - 5. Let n be c(-7). Let t be 1/2 - n/10. Calculate the highest common divisor of t and 45.
15
Let x(q) = 6*q**2 - q - 5. Let m be x(3). Calculate the highest common divisor of m and 184.
46
Let y = -49 - -59. Calculate the greatest common divisor of y and 10.
10
Let x(w) = w**2 - 8*w - 6. Let n be x(9). Suppose 4*o + 49 = 8*o - 3*h, -n*h = o - 31. Let y = 30 - o. Calculate the highest common factor of 7 and y.
7
Suppose 5*d - d = 2*u + 38, 4*d - 3*u - 37 = 0. Let c be (0 - (-30)/(-8))*-4. What is the highest common divisor of d and c?
5
Suppose -4*n + v + 239 = 0, -2*n - 3*v + 115 = -8*v. Calculate the greatest common factor of 15 and n.
15
Let g be (-1)/(-1)*(-36)/3. Let d = 20 + g. Calculate the highest common divisor of 1 and d.
1
Suppose -z - v + 7 = 0, 3*z + v - 13 = 2. Suppose 0 = -2*g - 2*g + 3*q + 19, -2 = -2*g + z*q. What is the greatest common factor of 77 and g?
7
Let z(m) = -m**3 - 7*m**2 + 4*m + 6. Let l be z(-8). Suppose -4*g + 2*i + l = -16, -1 = -g - 2*i. Calculate the greatest common factor of g and 77.
11
Let p = 7 - 3. Let s be p/10 - (-16)/10. Let w be ((-11)/s)/((-2)/4). Calculate the highest common factor of 77 and w.
11
Let c = -17 + 49. Let o = c + -22. Calculate the greatest common factor of 40 and o.
10
Let l = 1 + 0. Let a = 7 - 3. Calculate the highest common factor of l and a.
1
Let q = 24 + 25. What is the greatest common divisor of q and 7?
7
Let h(j) = -3*j + 2. Let d be h(-3). What is the greatest common factor of d and 88?
11
Let c(s) be the seco